?
1
Let v be 10/((3 - 7)/(-12)). Suppose 0 = -4*d + q + 205, 4*q + v = 10. What is the tens digit of d?
5
Suppose d = 4*b + 18, 2*b = -3*d - b + 9. Let q = d - 8. What is the units digit of (14/2 - -2) + q?
7
Let z = -98 + 330. What is the units digit of (-1)/(4/z*-2)?
9
Let s = -11 - 4. Suppose 5*v - v = 88. Let y = v + s. What is the units digit of y?
7
Let w(y) = y**3 + 6*y**2 - 10*y. Let a be w(-7). Let i = a + 11. Suppose -6*n = -2*n - i. What is the units digit of n?
8
Suppose -4*i + 2*i = -54. What is the units digit of i?
7
What is the tens digit of 2/(9/(36/(-16)))*-276?
3
Let b(y) be the second derivative of y**3/2 - 7*y**2/2 - y. Let g = 0 - -6. What is the tens digit of b(g)?
1
Suppose -45 + 227 = 2*w. What is the tens digit of w?
9
Suppose 8 - 23 = -5*u. What is the units digit of u?
3
Let d = 20 - 15. What is the units digit of d?
5
Let y(u) = 23*u - 7. What is the hundreds digit of y(8)?
1
Let i(q) = -q**2 + 7*q - 3. Suppose 6*u - 3*u - 23 = -4*v, 0 = -u + 3*v - 1. Suppose 5*z = u*s - 25, z - 15 + 0 = -3*s. What is the units digit of i(s)?
7
Suppose 0 = -d + 5*d - 96. What is the units digit of d?
4
Let f be (2/(-6) - -1)*150. Suppose 0 = -k - 3, 3*w = -w - 3*k + 11. Suppose -w*m - 36 + f = 4*h, 11 = m - h. What is the tens digit of m?
1
Let z be ((-10)/(-5))/(1/(-3)). What is the units digit of (-2)/6*z*2?
4
Let o be 57/4 - (-4)/(-16). Suppose -5*w = -5*p + 45, -3*p + 3*w + o = -p. What is the tens digit of p?
1
Let v(q) be the second derivative of 11*q**3/3 + 3*q**2/2 + q. What is the units digit of v(1)?
5
Let g(x) = x**3 - 4*x**2 - 3*x. What is the units digit of g(5)?
0
Let l be ((-2)/2 + 6)*1. Let u be (-28)/(-10) + 1/l. What is the units digit of u*1 + 12 + -2?
3
Suppose 0 = b + 4*i - 0*i - 1, -2*b - 4*i + 14 = 0. Let x be 3/(-12) + (-74)/(-8). Let q = b - x. What is the units digit of q?
4
Suppose 5*i - 4*y + 3*y = 155, y - 101 = -3*i. What is the tens digit of i?
3
Suppose k = 25 + 20. Let c be (-26)/(-8) - 2/8. Suppose k = c*u + 6. What is the units digit of u?
3
Let s(m) = -m**3 + 10*m**2 + 5*m - 15. Let w = 1 + 9. What is the units digit of s(w)?
5
Let q = 12 + 13. What is the tens digit of q?
2
Suppose 0 = 4*x + 13 + 11. Let l = 4 - x. Suppose 0 = -0*f - 5*f + l. What is the units digit of f?
2
Let f(a) = -a**3 - 17*a**2 - 16*a + 16. Let p be f(-16). Suppose 0 = -o + p + 16. What is the tens digit of o?
3
Suppose -v + 4 + 5 = 0. Let n = v - 5. Suppose 0 = n*z + z - 95. What is the units digit of z?
9
What is the tens digit of (-684)/(-15) + 4/(-60)*-6?
4
Suppose -10*n + 5*n = -600. What is the units digit of n?
0
Suppose -2*v = 3*f + 7, -3*v = 5*f + 15 - 2. Suppose -8*h + v*h + 40 = 0. What is the units digit of h?
0
Let g(i) = 2*i**2 + 2*i. What is the units digit of g(-2)?
4
What is the tens digit of ((-18)/4)/((-10)/180)?
8
Suppose 4*y + 5*q + 200 = 0, 0*q + 5*q = 2*y + 70. Let h = -27 - y. What is the units digit of 0 + 2/4*h?
9
Suppose c - 9 = -4. Let n be c/((-10)/(-4)) - -5. Suppose -4*q + n*q - 27 = 0. What is the units digit of q?
9
Suppose 5*r = 2*d - 125, 3*d = 3*r - r + 182. Suppose d - 10 = 2*q. What is the units digit of q?
5
Suppose -2*r - n + 11 = 2*r, 2*r = 4*n + 10. Let j be 2 + 1 + 3/r. Suppose 0*w + j = 2*w. What is the units digit of w?
2
Let h = 337 - 163. What is the tens digit of h?
7
What is the tens digit of (3 - 3 - 0) + 27?
2
Let j(f) = f**2 - 4*f + 6. What is the units digit of j(9)?
1
What is the tens digit of (-5 - -4 - -1) + 21?
2
Let u(r) = -r**3 - r**2 + 1. Let a = -1 - -1. Let q be u(a). What is the units digit of 1 + -3 + q - -3?
2
Let f(b) = -5*b - 5. What is the units digit of f(-6)?
5
Let g(z) = -2*z**3 - 3*z**2 + 1. Let l be g(-2). Suppose 2*h = -s - 0*s + 15, -48 = -3*s - l*h. What is the units digit of s?
1
Let r = -6 + 6. Suppose r = -0*s + 4*s - 8. Suppose -42 = -s*p + 4*a, -p + 17 = -5*a - 10. What is the units digit of p?
7
Let m(b) = b**3 - 5*b**2 - 4. Let z be m(5). Let x be (-115)/(-10) + (-2)/z. Let l = x - 8. What is the units digit of l?
4
Suppose -419 - 166 = -5*h. What is the tens digit of h?
1
Let f be 72/10*40/(-6). What is the tens digit of f/2*(3 + -4)?
2
Suppose 3 = -4*h - 1, 2*h = -b + 62. What is the units digit of b?
4
Let r = -16 + 29. Suppose -7 = -5*y + r. What is the units digit of y?
4
Let y = 41 - 29. What is the units digit of ((-16)/y)/(4/(-78))?
6
Suppose -5*s - 2*x + 19 = -16, s = 3*x - 10. Suppose 5*w + s = 100. What is the tens digit of w?
1
Let t be ((-2)/3)/(11/(-165)). Suppose -4*q + 10 = -t. What is the units digit of q?
5
Let t(v) = -4*v**3 + v + 1. Let d be t(-1). Let a = 6 - d. Suppose u - a*u = -9. What is the units digit of u?
9
Let p = 42 - 77. Let i be p*(0 - 3 - -2). Suppose -i = -3*s + 2*o, -2*s - 4*o = -0*s - 2. What is the units digit of s?
9
Let g be (-2)/(-5) + 174/15. What is the units digit of (-3)/(-6)*-6 + g?
9
Suppose -65 = -4*v + 91. Let x be ((-35)/10 + 4)*8. Suppose -x*m + v = 15. What is the units digit of m?
6
Suppose -4*x = -4*a - 4, 8*x = 3*a + 4*x + 5. Let b = a - -3. What is the units digit of b?
4
Let y(a) = a**3 + 4*a**2 + 4*a + 2. Let r(l) = 1. Let m(u) = -u + 4. Let i be m(5). Let t(x) = i*y(x) + r(x). What is the tens digit of t(-4)?
1
What is the units digit of (-459)/(-18)*(-32)/(-6)?
6
Let u(l) = -l**2 - 11*l + 10. Let r be u(-9). Let q = r + -17. Suppose 3*d = 5*p + q, 2*d - p - 22 = -5*p. What is the units digit of d?
7
Let m = 13 - 23. What is the tens digit of (-5)/(m/4) + 19?
2
Suppose 6*i = 3*i + 3. Let n = 1 - i. Let r = 2 + n. What is the units digit of r?
2
Let w = 44 + 3. Suppose 3*z = 2*p - 23 - 44, -2*p = z - w. What is the tens digit of p?
2
Suppose 1586 = 3*y + y + 5*q, -5*y - q + 1972 = 0. What is the units digit of (-6)/(-10) - y/(-10)?
0
Let q = 26 - 21. Suppose -5*u = 5*x - 245, -x + 30 + 11 = q*u. What is the units digit of x?
1
Let w = 11 - 4. What is the units digit of w?
7
Let h be 0/((3 + -4)*1). Let w(c) = 2*c + 12. What is the units digit of w(h)?
2
Let a = 11 + -51. Let g = -23 - a. What is the units digit of g?
7
Let a be (3 - 1) + 0 + 2. Suppose 4 + a = 2*v. What is the units digit of v?
4
Let l = -6 + 14. What is the units digit of l?
8
Let y(p) = 4*p + 12. What is the units digit of y(4)?
8
Let m = 8 - -2. Let t = -5 + m. Suppose -3*h = t*l + h - 41, 33 = 4*l + 3*h. What is the units digit of l?
9
Let l(v) = 3*v**2 - 6*v**2 + 2 - v**2 + 5*v**2. What is the units digit of l(3)?
1
Let z(g) be the third derivative of g**5/60 + g**4/8 - g**3/6 - 2*g**2. Let h be z(-4). What is the units digit of -2*(-1)/h*6?
4
Suppose 0 = 4*d - 16, 4*j + 6*d - 24 = 3*d. Suppose -h = -5*m + j*h + 148, 3*m - 78 = -3*h. What is the units digit of m?
8
Let l(x) = 4*x**2. Let c = -2 + 1. What is the units digit of l(c)?
4
Let s = -6 + 10. Suppose s + 1 = j. What is the units digit of j?
5
Let s(r) = -r + 8. Let j = 12 + -7. What is the units digit of s(j)?
3
Let l(r) = 17*r**2 + 2*r - 2. Let d be (-18)/27*(-6)/4. What is the tens digit of l(d)?
1
Let j be 59 + -1*(-1 + 1). Let m = j + -36. What is the units digit of m?
3
Let q = -45 - -71. Let c be -14 + -1*(0 - -1). Let x = q + c. What is the units digit of x?
1
What is the tens digit of 40 + 4*(-9)/(-12)?
4
Suppose 7 = d + 2*z, -d = -3*z - 0*z + 8. Let c = d + 2. What is the units digit of c?
3
Let u(q) = 24*q - 18. What is the units digit of u(3)?
4
What is the tens digit of 3/(-9) - 79/(-3)?
2
Suppose 4*n = 5*s + 353, 0 = 4*n + 4*s - 164 - 180. Let t = -54 + n. What is the tens digit of t?
3
Suppose 4*x = -4, -4*m + 5*m = -3*x - 1. Suppose 3*l = -c + 5*c + 97, -116 = -4*l + m*c. What is the units digit of l?
7
Suppose 0 = -4*o + 3*o + 5. Suppose 0 = -2*j - o*h + 23, -2*j - 2*j = -3*h - 7. What is the units digit of j?
4
Let o = -5 + 5. Let m = 22 - o. What is the tens digit of m?
2
Let w(o) = 3*o**2 + o - 7. What is the units digit of w(-5)?
3
Let p = 93 - 65. Let b = 13 - p. Let y = -1 - b. What is the tens digit of y?
1
Let q(g) = 6*g**2 - g + 2. Suppose -8*y = -5*y - 9. What is the units digit of q(y)?
3
Let f = 2 + 1. Suppose -f*j + 7*j - 4*d = -8, j - 10 = -3*d. What is the units digit of j?
1
Let m(d) = d - 3. Let a(u) = 2*u - 1. Let j be a(1). Let o be j + 6 + (-6)/(-3). What is the units digit of m(o)?
6
Let o(x) = -16*x**2 + 2*x - 1.